{"id":4,"date":"2014-05-02T21:04:54","date_gmt":"2014-05-02T19:04:54","guid":{"rendered":"http:\/\/butikkjen.no\/?page_id=4"},"modified":"2015-04-17T19:23:14","modified_gmt":"2015-04-17T17:23:14","slug":"alle-lytter-til","status":"publish","type":"page","link":"http:\/\/verdensvevet.com\/butikkjen\/alle-lytter-til\/","title":{"rendered":"Alle Lytter til"},"content":{"rendered":"<h3>Bj\u00f8rnefjorden N\u00e6rkringkasting jingel &lt;3<\/h3>\n<p>&nbsp;<\/p>\n<!--[if lt IE 9]><script>document.createElement('audio');<\/script><![endif]-->\n<audio class=\"wp-audio-shortcode\" id=\"audio-4-1\" preload=\"none\" style=\"width: 100%;\" controls=\"controls\"><source type=\"audio\/mpeg\" src=\"http:\/\/verdensvevet.com\/butikkjen\/wp-content\/uploads\/2014\/05\/bjornefjorden.mp3?_=1\" \/><a href=\"http:\/\/verdensvevet.com\/butikkjen\/wp-content\/uploads\/2014\/05\/bjornefjorden.mp3\">http:\/\/verdensvevet.com\/butikkjen\/wp-content\/uploads\/2014\/05\/bjornefjorden.mp3<\/a><\/audio>\n<p>Teksten:<\/p>\n<p><strong>Me monterte ein sendar p\u00e5 taket,<\/strong><br \/>\n<strong> ville starta v\u00e5r eigen stasjon.<\/strong><br \/>\n<strong> Me l\u00e5nt litt utstyr av Frode,<\/strong><br \/>\n<strong> og kj\u00f8pte ein brukt mikrofon.<\/strong><br \/>\n<strong> Programpolitikken e enkel,<\/strong><br \/>\n<strong> med sp\u00f8rsm\u00e5l til store og sm\u00e5,<\/strong><br \/>\n<strong> og mange vil senda ei helsing,<\/strong><br \/>\n<strong> og plate &#8211; da kj\u00f8re me p\u00e5.<\/strong><\/p>\n<p><strong><em>Ref:<\/em><\/strong><br \/>\n<strong> <em>Alle lytter p\u00e5 bj\u00f8rnefjord<\/em><\/strong><br \/>\n<strong> <em>Den har sin eigen kanal<\/em><\/strong><br \/>\n<strong> <em>For me sender ei helsing til naboen din,<\/em><\/strong><br \/>\n<strong> <em>p\u00e5 n\u00e6r-radio spesial.<\/em><\/strong><br \/>\n<strong> <em>Alle lytter p\u00e5 bj\u00f8rnefjord,<\/em><\/strong><br \/>\n<strong> <em>send oss di helsing no<\/em><\/strong><br \/>\n<strong> <em>For me sete og venta p\u00e5 din telefon,<\/em><\/strong><br \/>\n<strong> P\u00e5 V<em>innes i v\u00e5rt studio.<\/em><\/strong><\/p>\n<p><strong>I g\u00e5r fekk so Ivar&#8217;n helsing,<\/strong><br \/>\n<strong> fr\u00e5 Atle som n\u00e6r-nabo e,<\/strong><br \/>\n<strong> Beskjeden var noks\u00e5 enkel,<\/strong><br \/>\n<strong> i morgo so saga me ved.<\/strong><br \/>\n<strong> \u00c5 straks so va Bj\u00f8rn og p\u00e5 tr\u00e5den,<\/strong><br \/>\n<strong> beskjeden fra han no den va,<\/strong><br \/>\n<strong> kom deg i k\u00f8ya no Ivar,<\/strong><br \/>\n<strong> i m\u00e5ro e traktoren klar.<\/strong><\/p>\n<p><strong><em>Ref:<\/em><\/strong><br \/>\n<strong> <em>Alle lytter p\u00e5 bj\u00f8rnefjord<\/em><\/strong><br \/>\n<strong> <em>Den har sin eigen kanal<\/em><\/strong><br \/>\n<strong> <em>For me sender ei helsing til naboen din,<\/em><\/strong><br \/>\n<strong> <em>p\u00e5 n\u00e6r-radio spesial.<\/em><\/strong><br \/>\n<strong> <em>Alle lytter p\u00e5 bj\u00f8rnefjord,<\/em><\/strong><br \/>\n<strong> <em>send oss di helsing no<\/em><\/strong><br \/>\n<strong> <em>For me sete og venta p\u00e5 din telefon,<\/em><\/strong><br \/>\n<strong> <strong>P\u00e5 V<em>innes i v\u00e5rt studio.<\/em><\/strong><\/strong><\/p>\n<p><strong>\u00c5 her kjem ei helsing te kjetto,<\/strong><br \/>\n<strong> som bur borti tunet ein stad<\/strong><br \/>\n<strong> Fr\u00e5 Monsen e helsinga s\u00e5leis,<\/strong><br \/>\n<strong> du ofte har gjort meg s\u00e5 glad<\/strong><br \/>\n<strong> Eg h\u00e5per me atter kan treffast,<\/strong><br \/>\n<strong> p\u00e5 hedlo hos Jarle i fred<\/strong><br \/>\n<strong> N\u00e5r kvelden g\u00e5r over i natta<\/strong><br \/>\n<strong> ja d\u00e5 kan me kosa i fred.<\/strong><\/p>\n<p><strong><em>Ref:<\/em><\/strong><br \/>\n<strong> <em>Alle lytter p\u00e5 bj\u00f8rnefjord<\/em><\/strong><br \/>\n<strong> <em>Den har sin eigen kanal<\/em><\/strong><br \/>\n<strong> <em>For me sender ei helsing til naboen din,<\/em><\/strong><br \/>\n<strong> <em>p\u00e5 n\u00e6r-radio spesial.<\/em><\/strong><br \/>\n<strong> <em>Alle lytter p\u00e5 bj\u00f8rnefjord,<\/em><\/strong><br \/>\n<strong> <em>send oss di helsing no<\/em><\/strong><br \/>\n<strong> <em>For me sete og venta p\u00e5 din telefon,<\/em><\/strong><br \/>\n<strong> <strong>P\u00e5 V<em>innes i v\u00e5rt studio.<\/em><\/strong><\/strong><\/p>\n<p><strong><em>Ref:<\/em><\/strong><br \/>\n<strong> <em>Alle lytter p\u00e5 bj\u00f8rnefjord<\/em><\/strong><br \/>\n<strong> <em>Den har sin eigen kanal<\/em><\/strong><br \/>\n<strong> <em>For me sender ei helsing til naboen din,<\/em><\/strong><br \/>\n<strong> <em>p\u00e5 n\u00e6r-radio spesial.<\/em><\/strong><br \/>\n<strong> <em>Alle lytter p\u00e5 bj\u00f8rnefjord,<\/em><\/strong><br \/>\n<strong> <em>send oss di helsing no<\/em><\/strong><br \/>\n<strong> <em>For me sete og venta p\u00e5 din telefon,<\/em><\/strong><br \/>\n<strong> <strong>P\u00e5 V<em>innes i v\u00e5rt studio.<\/em><\/strong><\/strong><\/p>\n<p><strong>Alle lytter p\u00e5 bj\u00f8rnefjoooooooooooord<\/strong><\/p>\n<p><strong>105,1<\/strong><\/p>\n","protected":false},"excerpt":{"rendered":"<p>Bj\u00f8rnefjorden N\u00e6rkringkasting jingel &lt;3 &nbsp; Teksten: Me monterte ein sendar p\u00e5 taket, ville starta v\u00e5r eigen stasjon. Me l\u00e5nt litt utstyr av Frode, og kj\u00f8pte ein brukt mikrofon. Programpolitikken e enkel, med sp\u00f8rsm\u00e5l til store og sm\u00e5, og mange vil senda ei helsing, og plate &#8211; da kj\u00f8re me p\u00e5. Ref: Alle lytter p\u00e5 bj\u00f8rnefjord [&hellip;]<\/p>\n","protected":false},"author":1,"featured_media":0,"parent":0,"menu_order":0,"comment_status":"open","ping_status":"open","template":"","meta":[],"_links":{"self":[{"href":"http:\/\/verdensvevet.com\/butikkjen\/wp-json\/wp\/v2\/pages\/4"}],"collection":[{"href":"http:\/\/verdensvevet.com\/butikkjen\/wp-json\/wp\/v2\/pages"}],"about":[{"href":"http:\/\/verdensvevet.com\/butikkjen\/wp-json\/wp\/v2\/types\/page"}],"author":[{"embeddable":true,"href":"http:\/\/verdensvevet.com\/butikkjen\/wp-json\/wp\/v2\/users\/1"}],"replies":[{"embeddable":true,"href":"http:\/\/verdensvevet.com\/butikkjen\/wp-json\/wp\/v2\/comments?post=4"}],"version-history":[{"count":8,"href":"http:\/\/verdensvevet.com\/butikkjen\/wp-json\/wp\/v2\/pages\/4\/revisions"}],"predecessor-version":[{"id":32,"href":"http:\/\/verdensvevet.com\/butikkjen\/wp-json\/wp\/v2\/pages\/4\/revisions\/32"}],"wp:attachment":[{"href":"http:\/\/verdensvevet.com\/butikkjen\/wp-json\/wp\/v2\/media?parent=4"}],"curies":[{"name":"wp","href":"https:\/\/api.w.org\/{rel}","templated":true}]}}